 = 6*o**2 + o + 1. Let w be y(-3). Let g be -1*w/(-1 - 3). Is 24 a factor of f(g)?
True
Let q(w) = w**3 - 5*w**2 - w - 2. Let x = 12 + -6. Let s be q(x). Let g = s - 1. Does 27 divide g?
True
Suppose 739 = 4*g - 3*y, 0 = 5*g - g + 5*y - 731. Does 8 divide g?
True
Suppose -2*z + 2*h - 94 = 0, 4*h - 90 = -0*z + 2*z. Let j be ((-1)/(-2))/((-2)/(-376)). Let o = z + j. Does 9 divide o?
True
Let p(l) be the second derivative of 33*l**5/10 - l**4/12 - l**3/6 + l**2/2 - 18*l. Does 22 divide p(1)?
False
Let z(j) = j**2 - 3. Let o be z(0). Let n be (-5310)/63*(2 - 9). Is n/12 + o/18 a multiple of 13?
False
Let y(g) = -8*g - 8. Suppose 9 = -2*m - z, -m = 5*z - 20 + 2. Let i be y(m). Suppose -2*q - i - 90 = -3*k, -2*k + 3*q + 97 = 0. Is k a multiple of 13?
False
Let h(v) = 8*v**2 - 39. Does 36 divide h(-9)?
False
Let w(o) = o**2 - 3*o + 1251 - 1251. Does 20 divide w(-5)?
True
Suppose -c - 4*c = 5*f + 10, -5*c - 26 = -3*f. Suppose -f*k + 4*z = -44, 3*k + 5*z - 58 = 3*z. Is k a multiple of 20?
True
Let q(a) be the second derivative of -5*a**3/6 - 16*a**2 + 3*a + 5. Is q(-12) a multiple of 7?
True
Suppose -2*w + 10 = a, -3*a - 2 = 2*a - 3*w. Let k be (-13)/(-5) + a/5. Suppose -4*t - 7 = -5*j + 2*j, -52 = -k*j - 5*t. Does 9 divide j?
True
Suppose 7*f - 919 = 6326. Is 15 a factor of f?
True
Let j = 1512 - 730. Is j a multiple of 13?
False
Let k(z) = 11*z + 47. Is k(11) a multiple of 14?
True
Let x = 0 - -5. Suppose 4*k = -b - 2 - 5, -3*b + 6 = 3*k. Suppose j + 2*j - a - 35 = 0, x*j - b*a = 55. Does 4 divide j?
True
Let t(x) be the third derivative of -x**6/120 - 13*x**5/60 - x**4/2 + 11*x**3/6 + x**2. Suppose -4*m = 4*m + 96. Is 4 a factor of t(m)?
False
Suppose 3*x + 17 = -4*t, -t + 3*t = -4. Let d(w) = -2*w - 12 + 8 + 3*w**2 + w**3 - w**2 + 2*w**2. Does 11 divide d(x)?
True
Suppose -5*n + d + 0*d = -39, 22 = 3*n - 2*d. Let k = n - 8. Suppose k = -3*u + 13 + 32. Is u a multiple of 15?
True
Let g(v) = 26*v - 177. Does 9 divide g(33)?
False
Let g(h) = -3*h + 21. Let m be g(7). Suppose m = 4*f + f - 410. Is 42 a factor of f?
False
Let s(g) = 0*g**2 + 0*g + g + 10 + g**2. Let n(m) = -2*m - 19. Let h be n(-12). Is 10 a factor of s(h)?
True
Suppose 2570 = 5*y + 585. Is 56 a factor of y?
False
Let l = 5 - -13. Is (-160)/30*l/(-4) a multiple of 18?
False
Let p = -8 + 21. Let f = 28 - p. Suppose 0 = 11*x - f*x + 28. Is x a multiple of 2?
False
Suppose 0*i + 5*i - 6870 = -3*q, -4*i = 4*q - 5488. Is 27 a factor of i?
True
Suppose -5*q - 142 + 1677 = 0. Does 20 divide q?
False
Let q = 555 + -390. Is q a multiple of 15?
True
Does 63 divide ((-6804)/15)/(-3)*210/63?
True
Let d(a) = 52*a**2 - 23*a - 19. Does 12 divide d(6)?
False
Let o(v) = v**3 - 3*v**2 - 8*v + 4. Let h be o(6). Let u be -2*26/4 + -1. Let x = h + u. Is x a multiple of 14?
False
Let c be ((-8)/(-14))/(2/7). Let d be (260/(-25))/(c/(-5)). Suppose -8 - d = -2*f. Does 17 divide f?
True
Let f be (1 + 3)/(5 - 3). Let u(l) = 10*l**2 - 2. Let x be u(f). Suppose 0 = -3*n + x + 142. Is 20 a factor of n?
True
Let u be 4/3*45/20. Suppose -a + 0*n + u*n = 2, n - 22 = -5*a. Is 14 a factor of 40*2/(a/1)?
False
Suppose 0 = -39*g + 38*g + 2. Suppose -2*l - 4*q + 36 = 0, -2*q = -3*l + g*q + 104. Is 5 a factor of l?
False
Suppose -14*c + 409 = -81. Is c a multiple of 7?
True
Let k(x) = x**3 + 15*x**2 - 17*x - 12. Let r be k(-16). Suppose -b = -6*b, -4*z + r*b + 96 = 0. Is z a multiple of 3?
True
Let u be 2/(-13) - 8160/195. Let b = 2 - u. Is 30 a factor of b?
False
Let z = 490 + -213. Suppose q = 5*c - z, -c + 2*c - 4*q - 44 = 0. Is c a multiple of 8?
True
Suppose 1144 = 28*h - 20*h. Is h a multiple of 13?
True
Let y(i) = 2*i**2 + 4*i + 2. Let c be y(-2). Suppose c*f + 20 = 6*f. Is 3 a factor of f?
False
Let m(q) = q**2 - q. Let s be m(2). Suppose -3*p + 4*c + 26 = 0, s*c = -4*p - 2*c + 16. Suppose -5*g = -2*b + 83, 0 = p*b - b - 2*g - 176. Does 15 divide b?
False
Suppose 0 = 5*z - 139 + 39. Let u = -46 + z. Let l = 1 - u. Is 9 a factor of l?
True
Suppose 20*d - 47314 = -12354. Does 92 divide d?
True
Suppose 3*j - 29 = 2*u + 32, 2*j = 2*u + 40. Suppose -w + 74 + j = 0. Does 19 divide w?
True
Suppose 23*d - 6173 = 8777. Does 7 divide d?
False
Suppose 0 = -3*u - 4*y + 393, 5*u = 6*u + 2*y - 129. Does 11 divide u?
False
Let x(p) = p - 3. Let u be x(6). Suppose u*i + 2 = -4*q + 28, 5*i - q - 28 = 0. Suppose -i*l = -3*l - 60. Is 20 a factor of l?
True
Let u(l) be the first derivative of l**4/4 - 17*l**3/3 + 5*l**2/2 - 15*l + 8. Is u(17) a multiple of 14?
True
Let a(k) = -119*k**3 + 7*k**2 + 6*k - 2. Is 63 a factor of a(-2)?
False
Let s = 54 + -50. Does 12 divide s/34 - (-2442)/51?
True
Suppose -5*d + 4*m + 3 = 0, -m = d - 2*m. Suppose -d*h = -260 - 265. Suppose 2*x = -3*r + h, -2*r + 5*x = -24 - 61. Is r a multiple of 11?
True
Let m = 3245 - 2658. Is m a multiple of 13?
False
Suppose 2*k - 1 = -3. Let a(n) = -69*n**3 - n**2 - n - 1. Let p be a(k). Does 11 divide (-1)/((-72)/p - -1)?
False
Suppose 3*x - 3*d = 24, -x = d - 5 - 11. Suppose -5*m + 4*m + x = 0. Does 10 divide m?
False
Let u(c) = 3*c**2 - 5*c - 89. Is 7 a factor of u(-14)?
False
Let c = 3670 - 2157. Is 89 a factor of c?
True
Let k = -16 + 18. Suppose 4*f = k*f + 8. Suppose 5*n = t + f*t + 35, -5*t + 37 = 3*n. Is 9 a factor of n?
True
Let r(l) = -l**2 - 17*l + 4. Let k = -13 - 0. Let s be r(k). Suppose -24 = -5*w + s. Is 6 a factor of w?
False
Suppose 3*u - 14*k = -19*k + 1240, -2*u + 844 = -k. Is 4 a factor of u?
True
Let v(t) = 10*t + 21. Is v(6) a multiple of 3?
True
Is 13 a factor of (1 - 3/3*-98) + 5?
True
Suppose z - 31 = -4*m, -4*m + 124 = 4*z + m. Let v = z - 18. Suppose 5*q - 173 + v = 0. Is q a multiple of 16?
True
Let w be (-2)/(-5) + 54/(-10). Let h be (-30)/5 + -6*6/(-9). Is 5 a factor of (1 - h)/((-1)/w)?
True
Does 32 divide ((-210)/20 + 7)*-1088?
True
Suppose -30396 = -31*m + 19*m. Does 23 divide m?
False
Suppose i + 670 = -3*i + 3*s, i + 4*s + 177 = 0. Let q = -112 - i. Let l = -24 + q. Does 11 divide l?
True
Is (-10584)/16*4*(-4)/24 a multiple of 22?
False
Let q be 1 + (-12)/20 - 69/(-15). Suppose -60 = -9*l + q*l. Does 3 divide l?
True
Suppose 740 = 5*j - 1065. Is j a multiple of 7?
False
Let p(s) = -s**3 - 4*s**2 - 48*s - 30. Is 29 a factor of p(-7)?
False
Suppose 0*s + 2*p + 48 = s, p = 5*s - 249. Suppose 5*v - s = 4*v. Does 25 divide v?
True
Is 22 a factor of 2764/16*(-20)/(-10 + 5)?
False
Let x(a) = 200*a - 100. Is x(8) a multiple of 50?
True
Let y(b) = b**3 + 5*b**2 - b - 5. Let g be y(-5). Let j = g - 0. Suppose j = -2*u - 3*u + 195. Does 13 divide u?
True
Suppose 5*a - 25 = -3*w + 13, 0 = 2*w - 2. Let x = a + 0. Does 4 divide x/((-14)/(-4)) + 10?
True
Let c = -14 - -6. Let q be (44/c)/(2/8). Let k = 79 + q. Does 17 divide k?
False
Is 25 a factor of (-1)/(-7) - (-29716)/238?
True
Let w(x) = -19*x**3 + 4*x**2 + x + 1. Let o be w(-2). Suppose -o = -6*a - 47. Does 4 divide a?
True
Let m = 304 + -169. Is m a multiple of 27?
True
Let k be 1468*2/(-9)*3*3. Is k/(-10) - (-30)/75 a multiple of 23?
False
Suppose 2*b + 2*b = 0. Suppose b = -2*f - i + 1, -4*f + 9*i + 23 = 4*i. Does 2 divide f?
True
Let p = 28 + -32. Let y(c) = -c**3 + 2*c**2 - 4*c - 2. Is 22 a factor of y(p)?
True
Suppose -h = -6*h - 15, 6 = q - h. Let x(z) = z**3 + 3*z**2 + z + 1. Let k be x(-2). Suppose -2*s + k + q = 0. Is 3 a factor of s?
True
Suppose -1 = -2*d + 15. Suppose -2*h - 44 = -d. Let n = h + 36. Is 7 a factor of n?
False
Suppose m + 10*b - 1674 = 5*b, -5*m = -2*b - 8370. Does 54 divide m?
True
Let p(r) = 364*r**2 + 7*r - 9. Does 8 divide p(1)?
False
Suppose 8*v = -3*v + 8624. Is 18 a factor of v?
False
Let i(a) = 52*a**2 + 2*a + 12. Let k be i(-2). Suppose 2*u = d + d + k, 0 = 3*u - 2*d - 319. Does 8 divide u?
False
Suppose -4*x + 11 = 3*q - 5, -4*q - 20 = -5*x. Suppose -5*z = x*n + 1, n + 0*z - z - 2 = 0. Suppose -2*d + 2*s + 107 = n, 0 = 5*d + s - 247. Does 18 divide d?
False
Suppose j = 8 - 5. Suppose 2*x = -0*c - 3*c + 19, j*x - 24 = -3*c. Is x a multiple of 2?
False
Let p(b) be the second derivative of -b**6/240 - b**5/60 - 3*b**4/4 + 9*b. Let x(a) be the third derivative of p(a). Does 4 divide x(-2)?
True
Suppose -3*h + 3948 = -1167. Is h a multiple of 11?
True
Let n = -160 + 245. Is 7 a factor of n?
False
Is 39 a factor of ((-116)/(-5))/(12 - (-3228)/(-270))?
Fals